st common divisor of 2520 and 980?
140
Calculate the greatest common factor of 16196 and 7.
1
Calculate the greatest common divisor of 625 and 1690.
5
Calculate the greatest common divisor of 2 and 933752.
2
Calculate the greatest common divisor of 5930 and 178.
2
What is the highest common factor of 491 and 368741?
491
What is the highest common factor of 48 and 31926?
6
What is the highest common divisor of 8778 and 3171?
21
What is the highest common factor of 5040 and 182?
14
Calculate the greatest common factor of 138902 and 7363.
199
Calculate the highest common factor of 14065 and 580.
145
Calculate the greatest common factor of 97220 and 180.
20
Calculate the greatest common factor of 504 and 66948.
84
What is the highest common factor of 40 and 17920?
40
Calculate the highest common factor of 532 and 45676.
76
Calculate the highest common divisor of 23 and 1340371.
23
What is the highest common factor of 1216820 and 660?
220
Calculate the highest common divisor of 2322954 and 62.
62
What is the greatest common factor of 173007 and 517?
47
Calculate the greatest common divisor of 23058 and 301.
7
Calculate the highest common divisor of 1928482 and 964.
482
Calculate the highest common divisor of 25926 and 348.
174
What is the greatest common divisor of 2600 and 538600?
200
Calculate the highest common divisor of 4529 and 287.
7
Calculate the highest common factor of 106742 and 228.
38
What is the greatest common divisor of 103279 and 22?
11
What is the greatest common factor of 380 and 340290?
190
What is the highest common factor of 792 and 242304?
24
Calculate the highest common divisor of 592 and 34780.
148
What is the highest common factor of 58 and 16583244?
58
Calculate the greatest common divisor of 2964 and 1404.
156
Calculate the greatest common factor of 26 and 53638.
26
What is the highest common divisor of 20 and 7622260?
20
What is the highest common factor of 101340 and 5?
5
Calculate the highest common factor of 888 and 22052.
148
Calculate the greatest common factor of 31960 and 82280.
680
Calculate the highest common factor of 480 and 15016.
8
Calculate the greatest common divisor of 694 and 12839.
347
Calculate the highest common divisor of 56 and 51100.
28
Calculate the highest common factor of 10720 and 69760.
160
What is the highest common factor of 86 and 81184?
86
Calculate the greatest common factor of 75 and 18575.
25
Calculate the greatest common divisor of 24 and 16674.
6
Calculate the greatest common divisor of 14 and 271572.
14
Calculate the highest common divisor of 9 and 626013.
9
Calculate the greatest common divisor of 2 and 1912606.
2
What is the highest common divisor of 6825 and 6?
3
Calculate the greatest common factor of 3 and 312114.
3
What is the highest common divisor of 1120 and 29540?
140
What is the greatest common divisor of 13804 and 1190?
238
Calculate the greatest common divisor of 380 and 9740.
20
What is the greatest common factor of 4709 and 1802?
17
Calculate the greatest common divisor of 1914 and 10230.
66
What is the highest common divisor of 327 and 9366?
3
Calculate the highest common divisor of 74709 and 276700.
2767
Calculate the highest common factor of 1482 and 4329.
39
Calculate the highest common factor of 7802 and 11938.
94
What is the greatest common divisor of 643828 and 284?
284
Calculate the greatest common factor of 73600 and 850.
50
What is the greatest common factor of 729 and 77193?
81
Calculate the greatest common divisor of 729453 and 153.
51
What is the highest common divisor of 112750 and 2354?
22
Calculate the highest common divisor of 108592 and 704.
176
What is the highest common divisor of 271989 and 235?
47
Calculate the highest common factor of 965333 and 95.
19
Calculate the highest common factor of 532 and 418.
38
Calculate the greatest common factor of 8382 and 6292.
22
What is the greatest common divisor of 89141 and 117?
13
Calculate the greatest common factor of 35546 and 35.
7
What is the highest common divisor of 5719 and 54481?
301
Calculate the highest common divisor of 3008 and 3712.
64
What is the greatest common factor of 64911 and 51423?
843
Calculate the highest common divisor of 257 and 168335.
257
What is the highest common divisor of 15689 and 58?
29
What is the highest common factor of 4760 and 145544?
56
What is the highest common divisor of 163514 and 760?
38
What is the greatest common divisor of 300566 and 7?
7
What is the highest common divisor of 39055 and 20?
5
What is the greatest common divisor of 65813 and 682?
341
Calculate the highest common factor of 11166 and 732.
6
What is the greatest common factor of 240 and 615?
15
Calculate the greatest common factor of 2869 and 24613.
151
Calculate the highest common factor of 20 and 207520.
20
Calculate the greatest common divisor of 5805 and 11205.
135
What is the greatest common factor of 70610 and 1150?
230
Calculate the greatest common factor of 22 and 582329.
11
What is the highest common divisor of 52 and 809588?
52
What is the highest common factor of 4602 and 1947?
177
Calculate the highest common factor of 173 and 4542115.
173
Calculate the highest common divisor of 648 and 120933.
81
Calculate the greatest common divisor of 148608 and 4608.
1152
What is the greatest common divisor of 74 and 357457?
37
Calculate the greatest common divisor of 4 and 914822.
2
Calculate the highest common divisor of 625068 and 144.
36
Calculate the highest common factor of 7929 and 899501.
881
What is the greatest common factor of 2187 and 18?
9
Calculate the greatest common divisor of 36648 and 288.
72
Calculate the greatest common divisor of 1008 and 33201.
63
Calculate the highest common divisor of 71 and 198019.
71
Calculate the highest common factor of 18950 and 6250.
50
What is the greatest common divisor of 1134 and 630?
126
What is the highest common divisor of 124219 and 17?
17
What is the greatest common divisor of 2462487 and 1737?
579
What is the highest common divisor of 2646 and 60564?
294
What is the highest common factor of 48448 and 8?
8
What is the highest common divisor of 2604 and 1364?
124
What is the highest common factor of 29 and 97469?
29
Calculate the highest common factor of 480 and 195.
15
What is the greatest common factor of 628 and 326246?
314
Calculate the highest common factor of 90894 and 15.
3
What is the highest common factor of 19627 and 19?
19
Calculate the highest common factor of 14 and 235368.
14
Calculate the highest common factor of 400796 and 110.
22
What is the greatest common factor of 4 and 179046?
2
What is the greatest common factor of 39036 and 18?
6
Calculate the highest common factor of 454846 and 11034.
1226
Calculate the greatest common factor of 34 and 936751.
17
What is the highest common divisor of 1164474 and 12?
6
What is the highest common factor of 906 and 909?
3
Calculate the highest common factor of 685 and 13835.
5
What is the greatest common factor of 96 and 11552?
32
What is the greatest common divisor of 3718 and 22088?
22
What is the highest common factor of 2287104 and 64?
64
What is the greatest common divisor of 180 and 2949?
3
What is the greatest common factor of 51369 and 12?
3
What is the highest common factor of 268039 and 17?
17
Calculate the highest common factor of 490110 and 465.
465
Calculate the greatest common factor of 106 and 196789.
53
What is the highest common factor of 1601717 and 143?
13
Calculate the highest common factor of 85 and 161415.
85
Calculate the highest common divisor of 27 and 36207.
27
What is the highest common factor of 744 and 24459?
93
Calculate the highest common factor of 12921 and 236.
59
What is the greatest common factor of 1550 and 3038?
62
Calculate the greatest common divisor of 64246 and 546.
182
Calculate the highest common divisor of 561 and 76483.
187
Calculate the greatest common factor of 549311 and 4753.
679
Calculate the highest common factor of 10 and 69335.
5
Calculate the highest common factor of 388853 and 66707.
1627
Calculate the highest common factor of 28 and 107324.
28
What is the greatest common factor of 150 and 1775450?
50
What is the greatest common factor of 2818 and 2?
2
Calculate the highest common factor of 7776 and 30400.
32
Calculate the highest c